of 8 - (8 + 2 - (10 + (-9 - -18) - 138))?
-121
Calculate (-5 - -1 - (-14 + 11)) + -45 + (-22 - -23).
-45
What is -5 - (22 + -18 - 11) - (0 + 1 - 8)?
9
Calculate -25 + 3 + 1 + (3 - (3 + 6) - -3).
-24
What is the value of -67 + 60 - (6 + (34 - 1) + 8)?
-54
What is -297 + 320 + (-174 - -20)?
-131
Evaluate (36 - 16) + -31 + 5 + 11.
5
(-51 - (103 - 18)) + 34
-102
What is (-4 - (-3 - (-13 - (6 - 11)))) + -11 + 13?
-7
What is the value of -23 - -20 - (-37 - (-2 + -6 - -5))?
31
Evaluate -78 - (-88 + 79 + -90).
21
What is the value of (-26 + 64 - -25) + -40?
23
What is the value of (-19 - -1 - (4 - 4)) + -8 + -14?
-40
Calculate (1 - (8 - 5) - (-7 + 3) - 45) + -9.
-52
What is the value of (-1 - -22) + (-86 - (28 - 117))?
24
Calculate -1 - (2 + (5 - 17)) - ((16 - 5) + -7).
5
Evaluate -29 - (34 + -62 + 39).
-40
Calculate (5 + -9 + 4 - (9 + -12 - 13)) + 5.
21
Calculate -13 - ((2 - 73) + 18 - (4 + -13)).
31
Calculate 26 - ((-15 - -7) + -4 + (-7 - -7)).
38
What is (-17 - -36 - (10 - 0)) + 0?
9
(-3 + -336 - -336) + (-1 + 1 + -1 - -28)
24
What is the value of -62 - -108 - (13 + -2)?
35
Evaluate (-470 - -458) + (2 + 1 + 43 + 37 - 4).
67
What is the value of -20 + -149 + 159 - (3 + -1 + 0)?
-12
What is (1 + -1 - (12 - 4)) + 10 - 39?
-37
Evaluate -26 + (7 - (6 + -13 + -4)).
-8
Evaluate (-4 - (-3 + 2)) + (-8 - (12 - (-49 + 16))).
-56
What is 19 + (0 - ((9 - 1) + (-86 - -69)))?
28
Calculate -13 + 71 + -513 + 564.
109
What is the value of 9 + 1 + (-62 - (14 + -16)) - (-7 - 2)?
-41
Calculate -137 + 326 + -26 + -53.
110
Evaluate -17 - (-31 - (-45 + 22)) - 4.
-13
What is the value of 12 - -7 - 0 - 29?
-10
What is the value of -3 - (-8 - 0) - (0 + 105 + (1679 - 1719))?
-60
Evaluate -25 - ((5 - 6) + (18 + -2 - 5)).
-35
Calculate (4 - 4 - 25 - -15) + 24.
14
31 + -5 + 1 + (-4 - -12 - 14) - -4
25
(-11 - (-26 + (6 - (-5 + 6)))) + 17
27
What is the value of ((-1 - 11 - -10) + -68 - -7) + 8?
-55
What is the value of 70 + (-86 - -28) + (-33 - -2)?
-19
(209 - 144) + -45 - 84
-64
What is the value of -18 + (13 - ((21 - 42) + 23))?
-7
What is the value of 101 + (-1 - 1) + -9 + 11 - (25 - 12)?
88
Calculate 17 - ((47 - 25) + -55).
50
What is 8 - 1 - 20 - (-5 - (7 - -18))?
17
-4 + -1 + (-14 - (-27 + -17)) - 14
11
What is the value of -11 + (4 - 2 - 13 - (-3 - (-156 + 160)))?
-15
Calculate 66 - (-11 + (-17 + (12 - -18) - 6)).
70
-49 + 70 + -54 - (0 - 20)
-13
What is the value of (17 - 12) + (-19 - 2) - (-8 + 19)?
-27
What is 117 - (55 - -35 - 52)?
79
(120 - 44) + 56 - 18
114
Evaluate 1 - -39 - (-19 + 76 - 35) - 97.
-79
What is 67 - ((-2 - (2 - -1)) + 29 + (7 - 38))?
74
Evaluate -18 - (5 - (-5 - (-7 - (8 + -6) - -1))).
-20
What is 1 - 54 - (-1 - (5 + -5 + 0 - -6))?
-46
What is the value of (-1 - 11 - -33) + (-1 - -9 - (5 + -5))?
29
Calculate 23 + 43 + (-50 - 22) - (57 + -2).
-61
What is the value of 24 + 29 + -95 - -58?
16
(-42 - -32 - ((5 - 3) + -47 + -3)) + 9
47
(31 - 1) + (532 - 537) + 2
27
-23 - (-11 - -1) - -3 - -23
13
Evaluate -106 + (121 - 44) + 95.
66
What is the value of 5 + 20 + -37 - (78 - 3 - -3)?
-90
-2 - (-8 - -1 - (-1 + -10) - -1 - 92)
85
What is the value of -7 - 1 - (27 + (-4 + 7 - -5) - -1)?
-44
What is the value of -48 - -1 - ((61 - 41) + -14)?
-53
What is 3 - (9 + 5 + -28) - -18?
35
Evaluate 1 + -23 - (-44 + -10 + -11).
43
What is the value of -90 + (-4 - (-7 - (-5 - -13))) + -17?
-96
What is the value of -50 - 36 - (2 + -11 - -7)?
-84
Calculate -99 + 25 - (-21 - 4) - -32.
-17
Evaluate 41 + (-65 - -3) + -29.
-50
Evaluate -171 - (-22 + 29 + -74).
-104
Calculate (90 + -118 - -37) + -21 + (4 - 2 - 4).
-14
(39 + -19 - (-3 - -7)) + 46
62
What is the value of -39 + -1 + (-15 - 4) + 41?
-18
Evaluate 5 + 92 - ((210 - 213) + (-8 - 0) + 11).
97
What is -9 - (0 - 21) - -3 - 1?
14
What is (18 - (-36 + (44 - 0))) + -50 + -1?
-41
Calculate 26 - 16 - (-4 - (-1 - (4 - 7))).
16
Evaluate -2 + 71 + (0 - (12 - 15)).
72
What is -7 - -67 - (-191 + 300)?
-49
Calculate (-188 - -209 - (27 - -2)) + 11 + -24 + 1.
-20
Evaluate 31 - (10 - 3) - (-37 + -45 + 137).
-31
Calculate -249 + 256 - (1 + -99) - -17 - 18.
104
Calculate 1 + -50 - (1321 + -1344).
-26
What is -36 - -38 - (0 + 6) - (-73 + 37)?
32
-2 - 12 - (-143 + 87 - -63)
-21
Evaluate -36 + -42 + -3 + (4 - (6 - (9 + -1))).
-75
-12 + (6 + 4 - (3 - 4))
-1
5 + (-37 - (3 - 52))
17
What is 41 + 42 + -51 + -103 - 8?
-79
Calculate (2 - (2 - -19)) + -65 + 187 + -138.
-35
Calculate -283 - -167 - (14 + -5 + -5 - 15).
-105
Calculate (18 - (-7 - 11)) + -72.
-36
5 - (-24 + 18) - (-6 + 9 + 117 + -5)
-104
What is -27 + 11 + -2 + (192 - (50 - 28))?
152
What is the value of (5 - 14) + 28 + -53 + 44?
10
Evaluate (3 - -5) + 2 + (-3 - -4) + -4 - 15.
-8
Evaluate 5 + (-26 - -6) - (5 - 24) - (72 + 1).
-69
What is 0 + 4 - (129 - 64) - 0?
-61
1052 - 1016 - (-4 + -3 + -53)
96
Evaluate (7038 - 7110) + (-2 - 46).
-120
Evaluate -46 - (51 + (42 - 148)).
9
Evaluate (-15 - (12 + -25)) + -8 + -39 + -2 + 10.
-41
Calculate -8 + 17 - 19 - (15 + -25) - (0 - -1).
-1
What is (-36 - -19 - -12 - 3) + 14 + -1?
5
-25 - ((-12 - -24 - -5) + -12)
-30
What is the value of 21 - (90 - 83 - (78 - -3))?
95
36 + -51 + (-6 - -27)
6
-9 + 43 + -12 + 6 + (3 - 8 - -6)
29
Evaluate -96 + 84 - (41 + 9 + -5).
-57
(3 - 22 - -6) + -11 + 34 - -59
69
Evaluate 8 + (7 - 2 - -8) + -16 + -61.
-56
Calculate 35 + -82 + 74 - 7.
20
What is -29 - ((-16 - -9) + -4 + 4)?
-22
What is -67 + -9 + -38 + 53 - 26?
-87
Evaluate -8 + -16 + (4 - (10 - 13)) + 6.
-11
(46 - (9 - (-37 + 34))) + -13
21
What is 42 - (-29 + -74 - -214)?
-69
Evaluate 2 + (10 - (31 + -22 + -17 + 6)).
14
13 + -15 + 8 - (-163 + 176)
-7
Calculate (1 - -7) + (6 - 12) + -7 - 22.
-27
What is the value of 13 + -49 - (-12 - -6)?
-30
Calculate 60 + -78 - (-61 - (-1 + -8)).
34
What is 2 - 2 - 0 - (128 - 110 - (2 + -29))?
-45
(-232 - -246 - (77 + 5 + -3)) + 6
-59
15 - (86 + 5 + -1 + 11 + -27)
-59
Evaluate (62 + -53 - (-2 - 1)) + 1 + -39.
-26
What is the value of -673 + 646 + 24 + 0?
-3
What is the value of 12 + -2 - 1 - (1 + 22 - (-673 + 628))?
-59
-48 + (26 - (-13 + 18)) + -38
-65
Evaluate -899 - -846 - (-72 - -3).
16
Evaluate 19 - 1 - (-9 + 15 + -12 - -7).
17
What is the value of (1 + -4 - 8) + 8 - (15 + -37)?
19
-15 + 21 - 5 - 3 - 22
-24
What is (-30 - (-26 + -65)) + -31 - 110?
-80
What is 159 + (51 - 103) - ((2 - 0) + -1)?
106
Evaluate 9 - -2 - (-168 - -139) - (3 - -5).
32
Evaluate 6 + -8 + (3 + 2 - 11) + 15.
7
Evaluate 13 - (-77 - (-57 - -8)).
41
What is the value of -10 + (-1 - -70) + -21 + 32 - (24 - 14)?
60
Evaluate 102 + -120 + 85 - (-1 + 24).
44
What is (-318 - -330 - (-4 - 1)) + -9 - -8?
16
Evaluate 5283 - 5332 - (0 + -73).
24
What is the value of -439 - -471 - (0 - -28) - (66 - -2)?
-64
6 - 6 - (-7 - -3 - (-1 - -1))
4
Calculate -9 + 11 + 2 + -1 + -13 + -65 + 61.
-14
Evaluate (-2 - 16) + 72 + -72.
-18
What is 16 - (-4 + (25 - -12) + 28)?
-45
What is the value of -373 + 393 - (0 - 38)?
58
Calculate 6 + (12 - 6) + (-70 - -9) + 23.
-26
83 + -1 - (204 + -259 + 55)
82
-3069 - -3019 - (1 - 74)
23
What is (-2 - 3) + (-12 - (14 + -21 + 10))?
-20
(0 - (-15 + 2)) + 1 + 21 + -7
28
What is the value of -43 - ((-16 - -8) + -21) - 60?
-74
What is (-15 - -27) + (27 - 24 - -7)?
22
What is 2 - (-27 - -29) - -11 - (52 + 0)?
-41
Evaluate (-10 - (0 + 1)) + -3 + 3 + (292 - 301).
-20
Evaluate (17 - -1) + -48 + 41 - (36 - (-7 + -7)).
-39
-8 + 1 + (15 - 5) + -6
-3
What is the value of 43 + -15 + (14 + -10 + 4 - (-12 - -10))?
38
Calculate (-8 - -8) + (-10 - -1 - (-90 + 87)).
-6
What is (6 + -13 - 16) + -5 + 23?
-5
What is 18 + -14 + -2 + -3 + 3 + -8 + 45?
39
What is 18 - ((-79 - -39) + 37)?
21
What is the value of 1 - 40 - (42 - (-58 + 114))?
-25
Evaluate 11 + (-35 + 18 + -3 - 2).
-11
What is (23 + -6 - 30) + 7 + 55?
49
What is the value of 9 + (5 - (26 + -1)) + 21 + 0 + -1?
9
What is the value of (41 + -122 - 113) + 74?
-120
23 - (-6 + (-11 + -24 - -17))
47
What is the value of -17 + 97 + (-62 - 18)?
0
-12 - 0 - (9 - (-34 - -13 - -109))
67
What is 69 + -115 + 36 - (-81 - (-10 + 6))?
67
What is 3 + 7 - (21 + 15) - -76?
50
What is the value of -1 - 70 - ((-58 - -38) + -7 + 25 + 5)?
-74
What is the value of (-8 - -52 - -18) + -16?
46
Calculate (3 - 3 - -6 - 1) + -16 + -11.
-22
55 + (60 - 107) + (1 - 72) - 6
-69
Evaluate (3 - -3) + 2 + (-3228 - -3266).
46
-1 + 28 + (147 - 